 0) + (-38 - 13) + 22 + 13 + -4?
-27
Calculate (-90 + 7 - -94) + (-3 - (-19 - (-1 + 0))).
26
Evaluate 26 + (-13 - -1) - (-52 - (15 - (14 + -14))).
81
23 + (-26 - (-103 - -54))
46
Calculate (-2 - 11) + 0 + (-27 - -10) + -5.
-35
20 + -43 + (52 - 30)
-1
Evaluate -50787 + 50752 + (-27 + 1 - -1).
-60
Evaluate 41 - (60 + (-16 - -5)).
-8
What is 27 - (96 + -22 + -34) - -50?
37
What is the value of 69 + 2 + 254 + -110 + -121?
94
What is -8 + (-37 - (18 - 5)) + 32?
-26
What is the value of 4122 + -4137 - (-55 - -2)?
38
(-86 - -31) + 38 + (4 - 0 - (0 - -8))
-21
What is (-2 + -2 + 13 - (10 + 51)) + -14 + 4?
-62
Calculate 1 + (5 + -2 - 9) - (-58 - -81).
-28
(23 - 1) + (9 - (-30 + 31)) + -12
18
What is -14 + -4 + (13 - 5 - (1 + (-4 - -1)))?
-8
What is 39 + (159 - 182) + (1 - 0)?
17
What is the value of (-1 + -9 + 3 - (11 - 8 - -1)) + -26?
-37
Evaluate (-1 - -3) + -9 + (-1 - ((4 - -17) + -39)).
10
What is 24 + (-12 - -36 - 8 - 9) + 7?
38
What is 187 + -228 - (20 - 51)?
-10
Calculate -1657 + 1665 - (7 - (-2 + 2 + -2)).
-1
Calculate -7 - (-12 + (4 + (-11 - -12) - -5)).
-5
Calculate -49 + (-23 - -47 - 25) + 2 + 4.
-44
What is the value of 13 + -9 + 7 + 6 - -32?
49
-1 + -33 + (19 - -46) + -61
-30
Calculate 13052 + -13200 + (91 - -1).
-56
What is (-15 - -16) + (-11 - -11 - -5 - -6)?
12
-13 - (-26 - 0 - (9 - 46))
-24
Calculate -38 + 105 - (13 + 0 + 6 + (-9 - 3)).
60
Evaluate -18 + (-1 - 23 - -68) - 34.
-8
What is -124 + (7 - -2) + -9 - (-36 - -14)?
-102
What is -101 + 77 + (19 - -1)?
-4
Evaluate (1 - (-61 + -15 + (38 + -5 - 8))) + 16.
68
What is -46 - ((16 - (-28 + 17)) + 5)?
-78
What is the value of -2 + 90 - (20 + (-2 - (25 - 10 - 10)))?
75
What is the value of -4 + (40 - 29) - (4 - 5 - -33 - 2)?
-23
What is the value of (1 - (-7 - 1)) + (-79 - (1 + 1))?
-72
What is the value of 54 - (-19 + 4 + (-18 - -37) - 6)?
56
What is 1 + -14 + (-119 - (-47 - 8))?
-77
Calculate (13 - (-6 - -3)) + (-137 - (-106 - -37)).
-52
What is the value of -81 + -38 + 161 + 0?
42
What is (-3 - ((-3 - -7) + -16)) + 19 + -9?
19
What is the value of -56 - (29 + 21 - 76)?
-30
Evaluate -14 - (82 + (-112 - -52)).
-36
What is the value of -13 + 28 + 28 + 53 + -46?
50
What is the value of (-10 - (-22 + 7)) + -1 + -14 - 51?
-61
What is the value of 6 + 59 + 22 + -47?
40
What is the value of 0 + -41 + (-87 - (113 + -203))?
-38
Calculate 78 - ((66 - 24) + -29).
65
Evaluate 3 - (5 + -12) - (-28 + 35 + -19).
22
Evaluate 31 + 20 + (37 - 82).
6
-12 - ((-74 - -85) + -61 + 1 + 4)
33
Calculate (136 - 66) + -39 + 14.
45
What is (-11 - 12) + 34 + 14 - 2?
23
What is ((5 - 6 - 14) + 1 - -1) + -63?
-76
What is the value of 134 + -33 + -54 - -69?
116
Calculate -74 + 62 + -9 + -1.
-22
What is the value of (0 - -95) + (-106 - (-20 + -59))?
68
14 - (25 + 19 + -37 + (-1 - -19))
-11
Evaluate 1 - (-14 - (-24 - (-8 - -32))).
-33
What is the value of 117 + -54 + 130 + -104?
89
(-1 - -1 - -4 - (19 + -15)) + (-90 - -62)
-28
What is the value of 4 - ((-22 - ((2 - (-9 + 20)) + -1)) + -45)?
61
What is the value of -70 + (-5 - 11) + -44 + 65?
-65
What is the value of (-12 - (-10 + 7 + 5)) + (148 - 80)?
54
What is the value of (-17 - (-156 + 45)) + -53?
41
What is (73 - 42) + -19 - -19?
31
What is the value of (-1 - 50 - -30) + 14 - 38?
-45
-9 + (-14 - (0 - (-7 + 6 + 10))) + 11
-3
Calculate (5672 - 5674) + (2 - -5).
5
Calculate 0 + (24 - 42 - -3).
-15
Calculate 14 + -78 + 49 + -7.
-22
What is 7 - ((35 - (-52 - -46)) + -38)?
4
Evaluate 296 + -330 - (-89 - -8).
47
129 + 4 + (21 + -1 + -61 - -23)
115
Calculate -7 - (1 + (17 - 5 - 14) + 0).
-6
Calculate -2 - (44 - 43 - (-2 + 0) - 38).
33
Calculate -1160 - -1170 - (0 - (-91 - (3 + -4))) - -4.
-76
Evaluate (2 - -3) + 8 - 10 - 8.
-5
Evaluate (739 - 714) + -62 + 5 + 3.
-29
Calculate 7 - (-14 + 2 + 7 - (10 - (1 + -28))).
49
Calculate 41109 + -41031 + 51 + 0 + -1.
128
What is 7 - ((511 - 499) + (0 - 51))?
46
4 - (25 - 29 - -31 - 17)
-6
-30 - (-10 + 197 + -172 + -13 + 1)
-33
Calculate (-14 - (-7 + -11 - 14) - 26) + -48.
-56
What is (3 - (-37 - (4 + 3))) + -4 + 16?
59
43 + (-33 - -81 - 86)
5
What is -10 + (61 - (34 + 13)) - (1 - 0 - 30)?
33
What is (-3909 - -3897) + (-4 - (-2 - -2)) - (-1 + -9)?
-6
Calculate -2 - (-70 + 0) - ((-22 + -13 - -26) + 11).
66
Calculate (-3 - (-6 - -3)) + -13 + (-3909 - -3948).
26
Calculate 55 - (53 + (54 - 54)).
2
Evaluate (1 - -3 - 1) + (105 - 29).
79
Calculate -253 + 137 - -147 - (1 - 7 - 1).
38
Evaluate -51 + (84 - 39) + 38 + 33.
65
What is the value of -2 + -15 + (25 - 19) + (-81 - 8)?
-100
Evaluate -6 + (7 - -23) + -9 + 19.
34
Calculate (-47 - -8) + 71 + -76 + 36.
-8
-92 + (-23 - (-34 + 21) - (-6 + 6 + -23))
-79
What is the value of -33 - ((-18 - (-11 - -15)) + 39)?
-50
What is the value of 18 - (5 + 14) - (68 - 20)?
-49
Evaluate 0 + -4 + 2 - (93 + 3 + -40).
-58
What is (-23 - 4) + -1 + 5 + -16?
-39
(-34 - 34) + 5 + 16 - -14
-33
What is the value of (21 + 12 + -52 - 16) + 20?
-15
What is -16 - (10 + (-1 - -8 - (56 + -45)) - 11)?
-11
What is 12 + 51 + -81 + 39?
21
(2 - (9 + -3)) + (-30 + 47 - (-3 + -7))
23
127 + -83 + ((0 - -2 - 0) + 5 - -5)
56
What is the value of -23 + (-19 - -35) + (-8 - -28) + -5?
8
What is the value of -3 + -21 - -19 - (-1 + 0 - -29)?
-33
What is the value of (-32 - -9 - (1 - 6 - (-16 + 2))) + -9?
-41
What is the value of -20 - (-5 - -7) - (167 + -192)?
3
What is the value of -1 + -28 + (-18 - (-3 + -7 - -1) - -14)?
-24
What is the value of -5 + -16 - -66 - -37?
82
What is 1 + -80 + (-1084 - -1098)?
-65
What is the value of 46 - (36 + -49 - -17)?
42
Evaluate 8 + (-13 + 2 + (0 - -7) - 3 - 65).
-64
Calculate 8 + -11 + (19 + -78 - -1).
-61
What is 35 + (-58 - 18) - 28?
-69
What is the value of -1955 + 2005 - ((-4 - -3) + 10)?
41
-62 + -2 + 4 + (-546 - -524) + -1 + 28
-55
Evaluate 9 + (-2 - 2 - 97 - (-35 + 18 + 6)).
-81
44 + (9 - (-10 - 0 - (11 + -11 + -11)))
52
Calculate -2 + 1 + (-16 - (-6 - 10)) + (-72 - -3).
-70
-35 + 6 + 64 - (7 + -1 + 4)
25
What is the value of 58 + -3 + -9 + -89?
-43
Evaluate 1995 - 2023 - (-1 + -92).
65
What is -3 - (-51 - (-64 + -23))?
-39
Calculate -1 - (15 - 0) - (-137 + 1 - (-6576 + 6517)).
61
-1 - -39 - (3750 + -3646)
-66
Calculate -72 - (-39 + 62 - (24 - 32)).
-103
Evaluate 4 + -121 - -6 - ((18 - 22) + -14 + 11).
-104
Calculate -62 + -61 + 117 + 16.
10
What is 40 - ((-10 - (-16 - 2)) + 16 + -6 + -7)?
29
What is the value of (-5 - (-8 + (13 - (9 - (4 + 7))))) + 1?
-11
Calculate 0 - (-11 + -9 + 23) - (5 + 0).
-8
What is (15 - 46) + (245 - 199)?
15
What is the value of (-12 - (1 + 2)) + 122 - (-5 + 2 + -4)?
114
Evaluate -13 + (22 - 5) - (1 + 20).
-17
Evaluate -13 - (-2 + 2 - -12 - (-2250 + 2266)).
-9
What is 1115 - 1138 - (12 - -1)?
-36
-16 + (23 - (25 - -21 - 29)) - (55 + 0)
-65
Calculate -2671 + 2956 + (-1 - 165).
119
Evaluate -73 + (10 + 59 - 2).
-6
28 + -25 - -13 - 35
-19
What is 12 - (281 + -257) - (-22 + 0)?
10
Calculate (-15 - -3) + (12 + -45 + -3 - -1).
-47
What is the value of -13 + 17 + 2 + (47 - -6 - -9 - -1)?
69
Evaluate 113 - ((8 + -37 - -12) + 16).
114
Evaluate (-15 + -52 - 4) + -13 + (8 - 9 - -6).
-79
Calculate 2 + 6 + -4 - (30 + -56 + 34).
-4
Evaluate -28 - (-11 - (-13 + 2 - (-68 - -59))).
-19
Evaluate 0 + (3 - 1 - -3) + (486 - 468).
23
Evaluate 21 + (29 - 45) + 11 + -66.
-50
What is -475 - -436 - (-27 + -4)?
-8
Evaluate -53 - (9 + -62 + 15).
-15
Evaluate 473 + -375 - (1 - -83).
14
What is the value of (183 - 171 - (-2 + -22)) + 21?
57
(-1 - -17) + -358 + 343 + -8 + 8 - 70
-69
What is -103 + 1 - (24 - (-24 + 67 + -1))?
-84
What is the value of (-15 - 46) + 29 + 29 + -1?
-4
66 - (78 - 28) - -28
44
What is the value of (-8 - (7 - 20)) + 8 + -2 + (-5 - -97)?
103
What is -103 + -50 + 140 + (71 - 4)?
54
Evaluate (-2 - -1) + (4 - (-5 + -37 + 1)).
44
What is -115 - (-42 + 18 - (4 + -29))?
-116
What is 16 - (37 - 4) - (16 + -17)?
-16
What is -63 + (23 + -46 - -43) - -8?
-35
Evaluate (5 - (0 + -3)) + -1 + (8 - 16) - -21.
20
Evaluate (-12 + -15 - 10) + (-14 - -4) - (16 + -24).
-39
Evaluate (5 - (-68 + 1 - (23 - -1 - 30))) + 0.
66
Evaluate -19 + (-21 - 12) - -77.
25
What is -183 - (80 + -209 - -67)?
-121
Evaluate (-17 - (1 - 11 - (5 + -5))) + -7 + 1.
-13
What is 28 + (7 - 43) + -17 - -45?
20
Calculate 10 + -98 + 145 + -61.
-4
Calculate 43 - 91 - -96 - 9.
39
Evaluate -79 - (-92 + 10) - (-2 - 21).
26
